{"id":12144,"date":"2018-09-11T09:59:22","date_gmt":"2018-09-11T09:59:22","guid":{"rendered":"http:\/\/www.zalesem.cz\/help\/?page_id=12144"},"modified":"2026-04-16T16:29:00","modified_gmt":"2026-04-16T14:29:00","slug":"kamery","status":"publish","type":"page","link":"https:\/\/www.noabe.com\/help\/index.php\/kamery\/","title":{"rendered":"Technick\u00e1 podpora kamer"},"content":{"rendered":"<div id=\"primaryContainer\" class=\"primaryContainer clearfix dlazdice\">\n<img loading=\"lazy\" decoding=\"async\" src=\"\/help\/wp-content\/uploads\/img\/products\/thumb-eye-02.jpg\" width=\"200\" height=\"200\" align=\"right\" \/><\/p>\n<h2><span class=\"act\">Technick\u00e9 podpora kamer EYE-02 a EYESEE<\/span><\/h2>\n<div id=\"box2\" class=\"clearfix\">\n<div id=\"page_support\">\n<div id=\"primaryContainer\" class=\"primaryContainer clearfix eye-02\">\n<\/div>\n<div class=\"astablecell w65pr\">\n<h3 id=\"eye_02_zaciname\" class=\"toggle togglegreen\">ZA\u010c\u00cdN\u00c1ME<\/h3>\n<div id=\"eye_02_zaciname_obsah\" class=\"obsah30pxleft\">\n<ul class=\"faqs\">\n<li><a href=\"\/help\/index.php\/vhodny-datovy-tarif\/\">Vhodn\u00fd datov\u00fd tarif<\/a><\/li>\n<li><a href=\"\/help\/index.php\/spotreba-dat-pri-videu-nazivo\/\">Spot\u0159eba dat p\u0159i videu na\u017eivo<\/a><\/li>\n<li><a href=\"\/help\/index.php\/nez-pridate-kameru-do-jablotool\/\">Ne\u017e p\u0159id\u00e1te kameru do JabloTool.com<\/a><\/li>\n<li><a href=\"\/help\/index.php\/jak-aktualizovat-kameru-v-prohlizeci\">Jak aktualizovat kameru ve webov\u00e9m prohl\u00ed\u017ee\u010di<\/a><\/li>\n<li><a href=\"\/help\/index.php\/aktualizovat-zarizeni-pres-usb-kabel\">Jak aktualizovat za\u0159\u00edzen\u00ed p\u0159es USB kabel<\/a><\/li>\n<li><a href=\"\/help\/index.php\/jak-funguje-eye-02\/\">Jak funguje EYE-02 (video)<\/a><\/li>\n<li><a href=\"\/help\/index.php\/pouziti-eye-02-s-jablotool\/\">Pou\u017eit\u00ed kamery s JabloTool (video)<\/a><\/li>\n<li><a href=\"\/help\/index.php\/nakupvkorunach\/\">N\u00e1kup v \u010desk\u00fdch korun\u00e1ch na e-shopu noabe.shop<\/a><\/li>\n<\/ul>\n<\/div>\n<p>&nbsp;<\/p>\n<h3 id=\"eye_02_zaciname\" class=\"toggle togglegreen\">OBT\u00cd\u017dE, PROBL\u00c9MY A JEJICH \u0158E\u0160EN\u00cd<\/h3>\n<div id=\"eye_02_reseni_problemu_obsah\" class=\"obsah30pxleft\">\n<h3 id=\"eye_02_reseni_problemu_44\" class=\"toggle togglegreen\">Detektory<\/h3>\n<div id=\"eye_02_reseni_problemu_44_obsah\" class=\"obsah30pxleft\">\n<ul class=\"faqs\">\n<li><a href=\"\/help\/index.php\/jak-funguji-detektory-kamery\/\">Jak funguj\u00ed detektory kamery<\/a><\/li>\n<li><a href=\"\/help\/index.php\/jak-nastavit-vestavene-detektory-kamery\/\">Jak nastavit vestav\u011bn\u00e9 detektory<\/a><\/li>\n<li><a href=\"\/help\/index.php\/preddefinovane-profily-kamery\/\">P\u0159eddefinovan\u00e9 profily<\/a><\/li>\n<li><a href=\"\/help\/index.php\/retezeni-detektoru\/\">\u0158et\u011bzen\u00ed detektor\u016f a maskov\u00e1n\u00ed oblasti<\/a><\/li>\n<li><a href=\"\/help\/index.php\/dosah-pir-detektoru\/\">Dosah PIR detektoru<\/a><\/li>\n<li><a href=\"\/help\/index.php\/nezadouci-poplachy-od-svetel\/\">Sv\u011btla aut zp\u016fsobuj\u00ed ne\u017e\u00e1douc\u00ed poplachy<\/a><\/li>\n<li><a href=\"\/help\/index.php\/bezdratove-periferie\/\">Bezdr\u00e1tov\u00e9 periferie kamery<\/a><\/li>\n<li><a href=\"\/help\/index.php\/sledovani-vodni-hladiny\/\">Kamera se z\u00e1plavov\u00fdm detektorem<\/a><\/li>\n<li><a href=\"\/help\/index.php\/jiny-problem\/\">Jin\u00fd probl\u00e9m<\/a><\/li>\n<\/ul>\n<\/div>\n<h3 id=\"eye_02_reseni_problemu_51\" class=\"toggle togglegreen\">SMS hl\u00e1\u0161en\u00ed<\/h3>\n<div id=\"eye_02_reseni_problemu_51_obsah\" class=\"obsah30pxleft\">\n<ul class=\"faqs\">\n<li><a href=\"\/help\/index.php\/eye-02-opozdena-hlaseni\/\">Hl\u00e1\u0161en\u00ed z kamery jsou opo\u017ed\u011bn\u00e1<\/a><\/li>\n<li><a href=\"\/help\/index.php\/aktivace-sluzby-messenger\/\">Aktivace slu\u017eby Messenger<\/a><\/li>\n<li><a href=\"\/help\/index.php\/prilis-mnoho-hlaseni\/\">Kamera pos\u00edl\u00e1 p\u0159\u00edli\u0161 mnoho hl\u00e1\u0161en\u00ed<\/a><\/li>\n<li><a href=\"\/help\/index.php\/pravidelna-hlaseni-zpusobuji-nechtene-poplachy\/\">Pravideln\u00e1 hl\u00e1\u0161en\u00ed zp\u016fsobuj\u00ed necht\u011bn\u00e9 poplachy<\/a><\/li>\n<li><a href=\"\/help\/index.php\/kamera-SMS-nezname-cislo\/\">Kamera zas\u00edl\u00e1 SMS na nezn\u00e1m\u00e9 \u010d\u00edslo<\/a><\/li>\n<li><a href=\"\/help\/index.php\/kamera-zasila-nezpracovanou-sms\">Kamera zas\u00edl\u00e1 zpr\u00e1vu &#8220;Nezpracovan\u00e1 p\u0159\u00edchoz\u00ed SMS&#8221;<\/a><\/li>\n<li><a href=\"\/help\/index.php\/kamera-zasila-sms-o-nespravnem-hesle\/\">Kamera zas\u00edl\u00e1 zpr\u00e1vu o nespr\u00e1vn\u00e9m hesle<\/a><\/li>\n<li><a href=\"\/help\/index.php\/hlaseni-zustavaji-ve-fronte-udalosti\/\">Hl\u00e1\u0161en\u00ed z\u016fst\u00e1vaj\u00ed ve front\u011b ud\u00e1lost\u00ed<\/a><\/li>\n<li><a href=\"\/help\/index.php\/vypadek-napajeni\/\">Hl\u00e1\u0161en\u00ed v\u00fdpadku nap\u00e1jen\u00ed<\/a><\/li>\n<li><a href=\"\/help\/index.php\/jiny-problem\/\">Jin\u00fd probl\u00e9m<\/a><\/li>\n<\/ul>\n<\/div>\n<h3 id=\"eye_02_reseni_problemu_52\" class=\"toggle togglegreen\">MMS hl\u00e1\u0161en\u00ed<\/h3>\n<div id=\"eye_02_reseni_problemu_52_obsah\" class=\"obsah30pxleft\">\n<ul class=\"faqs\">\n<li><a href=\"\/help\/index.php\/kamera-nezasila-zadne-mms-zpravy\/\">Kamera nezas\u00edl\u00e1 obrazov\u00e9 zpr\u00e1vy (MMS)<\/a><\/li>\n<li><a href=\"\/help\/index.php\/kamera-zasila-mms-bez-obrazku\/\">Kamera zas\u00edl\u00e1 MMS bez obr\u00e1zku<\/a><\/li>\n<li><a href=\"\/help\/index.php\/eye-02-opozdena-hlaseni\/\">Hl\u00e1\u0161en\u00ed z kamery jsou opo\u017ed\u011bn\u00e1<\/a><\/li>\n<li><a href=\"\/help\/index.php\/aktivace-sluzby-messenger\/\">Aktivace slu\u017eby Messenger<\/a><\/li>\n<li><a href=\"\/help\/index.php\/prilis-mnoho-hlaseni\/\">Kamera pos\u00edl\u00e1 p\u0159\u00edli\u0161 mnoho hl\u00e1\u0161en\u00ed<\/a><\/li>\n<li><a href=\"\/help\/index.php\/pravidelna-hlaseni-zpusobuji-nechtene-poplachy\/\">Pravideln\u00e1 hl\u00e1\u0161en\u00ed zp\u016fsobuj\u00ed necht\u011bn\u00e9 poplachy<\/a><\/li>\n<li><a href=\"\/help\/index.php\/hlaseni-zustavaji-ve-fronte-udalosti\/\">Hl\u00e1\u0161en\u00ed z\u016fst\u00e1vaj\u00ed ve front\u011b ud\u00e1lost\u00ed<\/a><\/li>\n<li><a href=\"\/help\/index.php\/vypadek-napajeni\/\">Hl\u00e1\u0161en\u00ed v\u00fdpadku nap\u00e1jen\u00ed<\/a><\/li>\n<li><a href=\"\/help\/index.php\/jiny-problem\/\">Jin\u00fd probl\u00e9m<\/a><\/li>\n<\/ul>\n<\/div>\n<h3 id=\"eye_02_reseni_problemu_53\" class=\"toggle togglegreen\">E-mailov\u00e1 hl\u00e1\u0161en\u00ed<\/h3>\n<div id=\"eye_02_reseni_problemu_53_obsah\" class=\"obsah30pxleft\">\n<ul class=\"faqs\">\n<li><a href=\"\/help\/index.php\/kamera-nezasila-emaily\/\">Kamera nezas\u00edl\u00e1 \u017e\u00e1dn\u00e9 e-maily<\/a><\/li>\n<li><a href=\"\/help\/index.php\/eye-02-opozdena-hlaseni\/\">Hl\u00e1\u0161en\u00ed z kamery jsou opo\u017ed\u011bn\u00e1<\/a><\/li>\n<li><a href=\"\/help\/index.php\/aktivace-sluzby-messenger\/\">Aktivace slu\u017eby Messenger<\/a><\/li>\n<li><a href=\"\/help\/index.php\/kamera-zasila-emaily-bez-obrazku\/\">Kamera zas\u00edl\u00e1 e-maily bez obr\u00e1zk\u016f<\/a><\/li>\n<li><a href=\"\/help\/index.php\/prilis-mnoho-hlaseni\/\">Kamera pos\u00edl\u00e1 p\u0159\u00edli\u0161 mnoho hl\u00e1\u0161en\u00ed<\/a><\/li>\n<li><a href=\"\/help\/index.php\/pravidelna-hlaseni-zpusobuji-nechtene-poplachy\/\">Pravideln\u00e1 hl\u00e1\u0161en\u00ed zp\u016fsobuj\u00ed necht\u011bn\u00e9 poplachy<\/a><\/li>\n<li><a href=\"\/help\/index.php\/hlaseni-zustavaji-ve-fronte-udalosti\/\">Hl\u00e1\u0161en\u00ed z\u016fst\u00e1vaj\u00ed ve front\u011b ud\u00e1lost\u00ed<\/a><\/li>\n<li><a href=\"\/help\/index.php\/vypadek-napajeni\/\">Hl\u00e1\u0161en\u00ed v\u00fdpadku nap\u00e1jen\u00ed<\/a><\/li>\n<li><a href=\"\/help\/index.php\/hlaseni-e-mailem-po-vyzadani\/\">Kamera neza\u0161le e-mail na vy\u017e\u00e1d\u00e1n\u00ed<\/a><\/li>\n<li><a href=\"\/help\/index.php\/jiny-problem\/\">Jin\u00fd probl\u00e9m<\/a><\/li>\n<\/ul>\n<\/div>\n<h3 id=\"eye_02_reseni_problemu_54\" class=\"toggle togglegreen\">Hl\u00e1\u0161en\u00ed hovorem<\/h3>\n<div id=\"eye_02_reseni_problemu_54_obsah\" class=\"obsah30pxleft\">\n<ul class=\"faqs\">\n<li><a href=\"\/help\/index.php\/kamera-nezveda-muj-hovor\/\">Kamera nezved\u00e1 m\u016fj hovor<\/a><\/li>\n<li><a href=\"\/help\/index.php\/eye-02-opozdena-hlaseni\/\">Hl\u00e1\u0161en\u00ed z kamery jsou opo\u017ed\u011bn\u00e1<\/a><\/li>\n<li><a href=\"\/help\/index.php\/prilis-mnoho-hlaseni\/\">Kamera pos\u00edl\u00e1 p\u0159\u00edli\u0161 mnoho hl\u00e1\u0161en\u00ed<\/a><\/li>\n<li><a href=\"\/help\/index.php\/poplach-z-neznameho-cisla\/\">Kamera hl\u00e1s\u00ed poplach z nezn\u00e1m\u00e9ho \u010d\u00edsla<\/a><\/li>\n<li><a href=\"\/help\/index.php\/jiny-problem\/\">Jin\u00fd probl\u00e9m<\/a><\/li>\n<\/ul>\n<\/div>\n<h3 id=\"eye_02_reseni_problemu_54\" class=\"toggle togglegreen\">Hl\u00e1\u0161en\u00ed na PCO<\/h3>\n<div id=\"eye_02_reseni_problemu_54_obsah\" class=\"obsah30pxleft\">\n<ul class=\"faqs\">\n<li><a href=\"\/help\/index.php\/hlaseni-na-pco\/\">Hl\u00e1\u0161en\u00ed na PCO<\/a><\/li>\n<\/ul>\n<\/div>\n<h3 id=\"eye_02_reseni_problemu_45\" class=\"toggle togglegreen\">Sn\u00edmky a video<\/h3>\n<div id=\"eye_02_reseni_problemu_45_obsah\" class=\"obsah30pxleft\">\n<ul class=\"faqs\">\n<li><a href=\"\/help\/index.php\/rozliseni-a-priklady-snimku\/\">Rozli\u0161en\u00ed a p\u0159\u00edklady sn\u00edmk\u016f<\/a><\/li>\n<li><a href=\"\/help\/index.php\/barvy-nevypadaji-realne\/\">N\u011bkter\u00e9 barvy nevypadaj\u00ed re\u00e1ln\u011b<\/a><\/li>\n<li><a href=\"\/help\/index.php\/stahovani-videa-a-snimku\/\">Stahov\u00e1n\u00ed videa a sn\u00edmk\u016f<\/a><\/li>\n<li><a href=\"\/help\/index.php\/publikovani-snimku\/\">Publikov\u00e1n\u00ed sn\u00edmk\u016f na webov\u00fdch str\u00e1nk\u00e1ch<\/a><\/li>\n<li><a href=\"\/help\/index.php\/prehravani-videa-na-pocitaci-smartphonu-a-tabletu\/\">P\u0159ehr\u00e1v\u00e1n\u00ed videa na po\u010d\u00edta\u010di, smartphonu a tabletu<\/a><\/li>\n<li><a href=\"\/help\/index.php\/prehravani-videa-po-snimcich\/\">P\u0159ehr\u00e1v\u00e1n\u00ed videa po sn\u00edmc\u00edch<\/a><\/li>\n<li><a href=\"\/help\/index.php\/snimky-porizene-v-noci\/\">Sn\u00edmky po\u0159\u00edzen\u00e9 v noci<\/a><\/li>\n<li><a href=\"\/help\/index.php\/jiny-problem\/\">Jin\u00fd probl\u00e9m<\/a><\/li>\n<\/ul>\n<\/div>\n<h3 id=\"eye_02_reseni_problemu_46\" class=\"toggle togglegreen\">Nap\u00e1jen\u00ed<\/h3>\n<div id=\"eye_02_reseni_problemu_46_obsah\" class=\"obsah30pxleft\">\n<ul class=\"faqs\">\n<li><a href=\"\/help\/index.php\/externi-napajeni-kamery\/\">Extern\u00ed nap\u00e1jen\u00ed kamery<\/a><\/li>\n<li><a href=\"\/help\/index.php\/napajeni-kamery-v-aute\/\">Nap\u00e1jen\u00ed kamery v aut\u011b<\/a><\/li>\n<li><a href=\"\/help\/index.php\/vydrz-zalozni-baterie\/\">V\u00fddr\u017e z\u00e1lo\u017en\u00ed baterie<\/a><\/li>\n<li><a href=\"\/help\/index.php\/vymena-zalozni-baterie\/\">V\u00fdm\u011bna z\u00e1lo\u017en\u00ed baterie<\/a><\/li>\n<li><a href=\"\/help\/index.php\/jiny-problem\/\">Jin\u00fd probl\u00e9m<\/a><\/li>\n<\/ul>\n<\/div>\n<h3 id=\"eye_02_reseni_problemu_47\" class=\"toggle togglegreen\">Pou\u017eit\u00ed venku<\/h3>\n<div id=\"eye_02_reseni_problemu_47_obsah\" class=\"obsah30pxleft\">\n<ul class=\"faqs\">\n<li><a href=\"\/help\/index.php\/venkovni-instalace\">Venkovn\u00ed instalace<\/a><\/li>\n<li><a href=\"\/help\/index.php\/snimky-porizene-v-noci\/\">Sn\u00edmky po\u0159\u00edzen\u00e9 v noci<\/a><\/li>\n<li><a href=\"\/help\/index.php\/jiny-problem\/\">Jin\u00fd probl\u00e9m<\/a><\/li>\n<\/ul>\n<\/div>\n<h3 id=\"eye_02_reseni_problemu_48\" class=\"toggle togglegreen\">P\u0159\u00edslu\u0161enstv\u00ed<\/h3>\n<div id=\"eye_02_reseni_problemu_48_obsah\" class=\"obsah30pxleft\">\n<ul class=\"faqs\">\n<li><a href=\"\/help\/index.php\/bezdratove-periferie\/\">Bezdr\u00e1tov\u00e9 periferie kamery<\/a><\/li>\n<li><a href=\"\/help\/index.php\/integrace-kamery-eye-02-do-jablotron-ja-80-oasis\/\">Integrace kamery EYE-02 do Jablotron JA-80 OASIS<\/a><\/li>\n<li><a href=\"\/help\/index.php\/sledovani-vodni-hladiny\/\">Kamera se z\u00e1plavov\u00fdm detektorem<\/a><\/li>\n<li><a href=\"\/help\/index.php\/jak-zlepsit-signal\/\">Zlep\u0161en\u00ed sign\u00e1lu, extern\u00ed ant\u00e9na<\/a><\/li>\n<li><a href=\"\/help\/index.php\/snimky-porizene-v-noci\/\">Sn\u00edmky po\u0159\u00edzen\u00e9 v noci<\/a><\/li>\n<li><a href=\"\/help\/index.php\/vymena-zalozni-baterie\/\">V\u00fdm\u011bna z\u00e1lo\u017en\u00ed baterie<\/a><\/li>\n<li><a href=\"\/help\/index.php\/sd-karta-se-zaplnila\/\">SD karta se zaplnila<\/a><\/li>\n<li><a href=\"\/help\/index.php\/vymena-sd-karty\/\">Pou\u017eit\u00ed SD karty s v\u011bt\u0161\u00ed kapacitou<\/a><\/li>\n<li><a href=\"\/help\/index.php\/jiny-problem\/\">Jin\u00fd probl\u00e9m<\/a><\/li>\n<\/ul>\n<\/div>\n<h3 id=\"eye_02_reseni_problemu_55\" class=\"toggle togglegreen\">JabloTool online<\/h3>\n<div id=\"eye_02_reseni_problemu_55_obsah\" class=\"obsah30pxleft\">\n<ul class=\"faqs\">\n<li><a href=\"\/help\/index.php\/nez-pridate-kameru-do-jablotool\/\">Ne\u017e p\u0159id\u00e1te kameru do JabloTool.com<\/a><\/li>\n<li><a href=\"\/help\/index.php\/jak-aktualizovat-kameru-v-prohlizeci\">Jak aktualizovat kameru ve webov\u00e9m prohl\u00ed\u017ee\u010di<\/a><\/li>\n<li><a href=\"\/help\/index.php\/pripojeni-ke-kamere-v-jablotool\/\">Nemohu se p\u0159ipojit ke kame\u0159e v JabloTool.com<\/a><\/li>\n<li><a href=\"\/help\/index.php\/pripojovani-ke-kamere-je-pomale\/\">P\u0159ipojov\u00e1n\u00ed ke kame\u0159e je pomal\u00e9<\/a><\/li>\n<li><a href=\"\/help\/index.php\/jiny-problem\/\">Jin\u00fd probl\u00e9m<\/a><\/li>\n<\/ul>\n<\/div>\n<h3 id=\"eye_02_reseni_problemu_56\" class=\"toggle togglegreen\">JabloTool p\u0159es USB kabel<\/h3>\n<div id=\"eye_02_reseni_problemu_56_obsah\" class=\"obsah30pxleft\">\n<ul class=\"faqs\">\n<li><a href=\"\/help\/index.php\/chyby-cervene-svetlo\/\">Na kame\u0159e sv\u00edt\u00ed \u010derven\u00e1 LED<\/a><\/li>\n<li><a href=\"\/help\/index.php\/aktualizovat-zarizeni-pres-usb-kabel\">Jak aktualizovat za\u0159\u00edzen\u00ed p\u0159es USB kabel<\/a><\/li>\n<li><a href=\"\/help\/index.php\/instalace-sw-jablotool\/\">Instalace a aktualizace software JabloTool<\/a><\/li>\n<li><a href=\"\/help\/index.php\/operacni-systemy-jablotool\/\">Opera\u010dn\u00ed syst\u00e9my podporovan\u00e9 softwarem JabloTool<\/a><\/li>\n<li><a href=\"\/help\/index.php\/obtize-se-spustenim-sw-jablotool\/\">Pot\u00ed\u017ee p\u0159i instalaci a spu\u0161t\u011bn\u00ed SW JabloTool<\/a><\/li>\n<li><a href=\"\/help\/index.php\/jablotool-kamera-chranena-heslem\/\">JabloTool hl\u00e1s\u00ed, \u017ee kamera je chr\u00e1n\u011bna heslem<\/a><\/li>\n<li><a href=\"\/help\/index.php\/nemohu-se-pripojit-ke-kamere-pres-usb-kabel\/\">Nemohu se p\u0159ipojit k za\u0159\u00edzen\u00ed p\u0159es USB kabel<\/a><\/li>\n<li><a href=\"\/help\/index.php\/chybova-hlaseni-v-jablotoolu-pres-usb\/\">Chybov\u00e1 hl\u00e1\u0161en\u00ed v JabloToolu p\u0159es USB<\/a><\/li>\n<li><a href=\"\/help\/index.php\/jiny-problem\/\">Jin\u00fd probl\u00e9m<\/a><\/li>\n<\/ul>\n<\/div>\n<h3 id=\"eye_02_reseni_problemu_57\" class=\"toggle togglegreen\">Aplikace JabloTool<\/h3>\n<div id=\"eye_02_reseni_problemu_57_obsah\" class=\"obsah30pxleft\">\n<ul class=\"faqs\">\n<li><a href=\"\/help\/index.php\/problem-s-mobilni-aplikaci-jablotool\/\">M\u00e1m probl\u00e9m s mobiln\u00ed aplikac\u00ed Jablotool<\/a><\/li>\n<\/ul>\n<\/div>\n<h3 id=\"eye_02_reseni_problemu_49\" class=\"toggle togglegreen\">Chyby<\/h3>\n<div id=\"eye_02_reseni_problemu_49_obsah\" class=\"obsah30pxleft\">\n<ul class=\"faqs\">\n<li><a href=\"\/help\/index.php\/chyby-cervene-svetlo\/\">Na kame\u0159e sv\u00edt\u00ed \u010derven\u00e1 LED<\/a><\/li>\n<li><a href=\"\/help\/index.php\/tovarni-nastaveni-eye-02\/\">Obnova tov\u00e1rn\u00edho nastaven\u00ed EYE-02 (video)<\/a><\/li>\n<li><a href=\"\/help\/index.php\/aktualizovat-zarizeni-pres-usb-kabel\">Jak aktualizovat za\u0159\u00edzen\u00ed p\u0159es USB kabel<\/a><\/li>\n<li><a href=\"\/help\/index.php\/obtize-se-spustenim-sw-jablotool\/\">Pot\u00ed\u017ee p\u0159i instalaci a spu\u0161t\u011bn\u00ed SW JabloTool<\/a><\/li>\n<li><a href=\"\/help\/index.php\/chybova-hlaseni-v-jablotoolu-pres-usb\/\">Chybov\u00e1 hl\u00e1\u0161en\u00ed v JabloToolu p\u0159es USB<\/a><\/li>\n<li><a href=\"\/help\/index.php\/kamera-se-po-vlozeni-baterie-nezapne\">Kamera se po vlo\u017een\u00ed baterie nezapne<\/a><\/li>\n<li><a href=\"\/help\/index.php\/vymena-zalozni-baterie\/\">V\u00fdm\u011bna z\u00e1lo\u017en\u00ed baterie<\/a><\/li>\n<li><a href=\"\/help\/index.php\/sd-karta-se-zaplnila\/\">SD karta se zaplnila<\/a><\/li>\n<li><a href=\"\/help\/index.php\/jak-presunout-kameru-z-aplikace-myjablotron-na-jablotool-com\">Jak p\u0159esunout kameru z aplikace MyJablotron na Jablotool.com?<\/a><\/li>\n<li><a href=\"\/help\/index.php\/jiny-problem\/\">Jin\u00fd probl\u00e9m<\/a><\/li>\n<\/ul>\n<\/div>\n<h3 id=\"eye_02_reseni_problemu_99\" class=\"toggle togglegreen\">Jin\u00fd probl\u00e9m<\/h3>\n<div id=\"eye_02_reseni_problemu_99_obsah\" class=\"obsah30pxleft\">\n<ul class=\"faqs\">\n<li><a href=\"\/help\/index.php\/jiny-problem\/\">Jin\u00fd probl\u00e9m<\/a><\/li>\n<\/ul>\n<\/div>\n<\/div>\n<\/div>\n<div class=\"hidn\"><\/div>\n","protected":false},"excerpt":{"rendered":"<p>Technick\u00e9 podpora kamer EYE-02 a EYESEE ZA\u010c\u00cdN\u00c1ME Vhodn\u00fd datov\u00fd tarif Spot\u0159eba dat p\u0159i videu na\u017eivo Ne\u017e p\u0159id\u00e1te kameru do JabloTool.com Jak aktualizovat kameru ve webov\u00e9m prohl\u00ed\u017ee\u010di Jak aktualizovat za\u0159\u00edzen\u00ed p\u0159es USB kabel Jak funguje EYE-02 (video) Pou\u017eit\u00ed kamery s JabloTool (video) N\u00e1kup v \u010desk\u00fdch korun\u00e1ch na e-shopu noabe.shop &nbsp; OBT\u00cd\u017dE, PROBL\u00c9MY A JEJICH \u0158E\u0160EN\u00cd Detektory [&hellip;]<\/p>\n","protected":false},"author":2,"featured_media":0,"parent":0,"menu_order":0,"comment_status":"closed","ping_status":"closed","template":"","meta":{"footnotes":""},"categories":[93,27,28],"tags":[],"class_list":["post-12144","page","type-page","status-publish","hentry","category-cz","category-eye-02-cs","category-eyesee-cs"],"_links":{"self":[{"href":"https:\/\/www.noabe.com\/help\/index.php\/wp-json\/wp\/v2\/pages\/12144","targetHints":{"allow":["GET"]}}],"collection":[{"href":"https:\/\/www.noabe.com\/help\/index.php\/wp-json\/wp\/v2\/pages"}],"about":[{"href":"https:\/\/www.noabe.com\/help\/index.php\/wp-json\/wp\/v2\/types\/page"}],"author":[{"embeddable":true,"href":"https:\/\/www.noabe.com\/help\/index.php\/wp-json\/wp\/v2\/users\/2"}],"replies":[{"embeddable":true,"href":"https:\/\/www.noabe.com\/help\/index.php\/wp-json\/wp\/v2\/comments?post=12144"}],"version-history":[{"count":9,"href":"https:\/\/www.noabe.com\/help\/index.php\/wp-json\/wp\/v2\/pages\/12144\/revisions"}],"predecessor-version":[{"id":15702,"href":"https:\/\/www.noabe.com\/help\/index.php\/wp-json\/wp\/v2\/pages\/12144\/revisions\/15702"}],"wp:attachment":[{"href":"https:\/\/www.noabe.com\/help\/index.php\/wp-json\/wp\/v2\/media?parent=12144"}],"wp:term":[{"taxonomy":"category","embeddable":true,"href":"https:\/\/www.noabe.com\/help\/index.php\/wp-json\/wp\/v2\/categories?post=12144"},{"taxonomy":"post_tag","embeddable":true,"href":"https:\/\/www.noabe.com\/help\/index.php\/wp-json\/wp\/v2\/tags?post=12144"}],"curies":[{"name":"wp","href":"https:\/\/api.w.org\/{rel}","templated":true}]}}